1330020 + 10200?
1340220
In base 15, what is -b73c - 4?
-b741
In base 3, what is 12020212012 + 22011?
12021011100
In base 3, what is 122021002 + 121001?
122212010
In base 4, what is 1222032323 - -31312?
1222130301
In base 5, what is 1012 + -233220?
-232203
In base 5, what is -11000410440 - -4?
-11000410431
In base 11, what is -9605767 - 15?
-9605781
In base 16, what is 1664 + 191?
17f5
In base 9, what is 2455 + 36567?
40133
In base 13, what is 4ba + -1658c?
-160a2
In base 7, what is 3 + -463650205?
-463650202
In base 7, what is 12 + 44333143?
44333155
In base 12, what is -48934 - 127?
-48a5b
In base 5, what is -11330404220 - 42?
-11330404312
In base 6, what is 14142342252 + 4?
14142342300
In base 8, what is 1373 - -542?
2135
In base 16, what is 100f - 7ce?
841
In base 3, what is 102101002011121 - 11?
102101002011110
In base 15, what is -46 + -e497?
-e4dd
In base 12, what is -33561b + -179?
-335798
In base 6, what is 5 - 341105422?
-341105413
In base 3, what is -1220210210110110 - -10?
-1220210210110100
In base 4, what is 10031223101031 + 11?
10031223101102
In base 7, what is 0 + 333116306?
333116306
In base 8, what is 4702747 + -1?
4702746
In base 14, what is 3a0a + -1ba6?
1c44
In base 11, what is 65 - -3911331?
3911396
In base 12, what is 1370 - 2454a1?
-244131
In base 15, what is -2e1e5 + 3a?
-2e1aa
In base 9, what is 3 + 34537407?
34537411
In base 2, what is 11000101001101011000011 + -1?
11000101001101011000010
In base 9, what is 26 + -8524835?
-8524808
In base 11, what is 318504 - 13?
3184a1
In base 6, what is -14 + 13403113?
13403055
In base 13, what is -305b48b - 5?
-305b493
In base 7, what is -136 + -612334?
-612503
In base 7, what is -1005 - -2625550?
2624542
In base 7, what is 26406211 + -23?
26406155
In base 6, what is 34 + -122250125?
-122250051
In base 11, what is -20130829 + 2?
-20130827
In base 12, what is -3164a + -16a?
-317b8
In base 10, what is -37395030 - -13?
-37395017
In base 13, what is -75379818 - -1?
-75379817
In base 9, what is 2887 - -7761?
11758
In base 4, what is 20133112 - -301?
20200013
In base 15, what is -54 + 15066c?
150618
In base 10, what is -10655 + 2545?
-8110
In base 10, what is -47 + -16373939?
-16373986
In base 12, what is -32 - -312911?
31289b
In base 15, what is 2a718 + 20?
2a738
In base 6, what is 43 - -24453344?
24453431
In base 2, what is -101011 - -1011111110110010111?
1011111110101101100
In base 5, what is 14424 - -1404344?
1424323
In base 5, what is 42141124 + 13002?
42204131
In base 9, what is -214 - -1031437?
1031223
In base 6, what is 1200455 - 1030?
1155425
In base 8, what is -2 - -3242166304?
3242166302
In base 9, what is -25752 - -4226?
-21525
In base 11, what is a0 - 38828?
-38738
In base 11, what is -23 + 9994a?
99927
In base 4, what is 10002 + -100132022130?
-100132012122
In base 13, what is -601b + -566?
-6584
In base 13, what is -1 + -3339c?
-333a0
In base 9, what is -16326 - -22?
-16304
In base 4, what is 23010 - 101032?
-12022
In base 13, what is -165244 - 38?
-16527c
In base 7, what is -100614116 - -5?
-100614111
In base 12, what is 125636 - 308?
12532a
In base 13, what is -2 - -6683554?
6683552
In base 7, what is -15423402 + -11?
-15423413
In base 4, what is -3222012211 - -31111?
-3221321100
In base 9, what is 274813 - -1483?
276406
In base 11, what is -1 + 94508?
94507
In base 16, what is 23e + -29a28b?
-29a04d
In base 12, what is -1b1 + -9112?
-9303
In base 7, what is -50364 - 305?
-51002
In base 6, what is 1 + -103140102?
-103140101
In base 8, what is 351 - -25541?
26112
In base 9, what is 2 + -8765140?
-8765137
In base 2, what is -10001001000 - 10111000110010011?
-10111010111011011
In base 9, what is 236 + 20682005?
20682242
In base 12, what is -a - 23a723?
-23a731
In base 13, what is -3456c + -7c2?
-35061
In base 12, what is -18183390 - -17?
-18183375
In base 12, what is -328 + -77227?
-77553
In base 10, what is 100541 + 566?
101107
In base 5, what is -103443 - -314234?
210241
In base 13, what is 10 + 2217242?
2217252
In base 11, what is -108a2 + -188?
-10a7a
In base 4, what is 102023033111 - -10?
102023033121
In base 12, what is -2 + -693328b8?
-693328ba
In base 16, what is -1aa - 78f7?
-7aa1
In base 2, what is -100010011001101110000 - -10?
-100010011001101101110
In base 9, what is -483 - -664567?
664074
In base 8, what is -5 + -53620561?
-53620566
In base 13, what is 120c3 + 3554?
15647
In base 12, what is -7b575 + -38?
-7b5b1
In base 16, what is 1429 + -898?
b91
In base 6, what is 1122532015 - -10?
1122532025
In base 10, what is 1207190 + 8?
1207198
In base 7, what is 16662321 - -15?
16662336
In base 4, what is -30103202 - 100001?
-30203203
In base 2, what is 100 - -1011000011010110100100100?
1011000011010110100101000
In base 12, what is 2b23b + 25b9?
31838
In base 14, what is 1075795 + 0?
1075795
In base 9, what is -10506227 - -2?
-10506225
In base 4, what is 2210 + -11212110?
-11203300
In base 2, what is 11000100010100101 + 1111010?
11000100100011111
In base 5, what is -244304412 - 44?
-244310011
In base 4, what is 12300321122321 + 20?
12300321123001
In base 16, what is -8 + eb7f23?
eb7f1b
In base 6, what is 43210204 + -4?
43210200
In base 2, what is -100011000 - 1001010000101101?
-1001010101000101
In base 6, what is 3441 + 13425034?
13432515
In base 2, what is -11 - 11000100101100100001011?
-11000100101100100001110
In base 15, what is c50 + -475e?
-3a0e
In base 6, what is -440431 - -13312?
-423115
In base 14, what is -1 - -1951d?
1951c
In base 13, what is 17a9ac88 + 0?
17a9ac88
In base 2, what is -10 + 100001110011100110110110111?
100001110011100110110110101
In base 14, what is 2bd9 + -c42b?
-9632
In base 8, what is -7 - 37103772?
-37104001
In base 12, what is 384554a + 5?
3845553
In base 4, what is -11200332 - -121223?
-11013103
In base 14, what is -1775 + 752d?
5b98
In base 4, what is -102 + -2320233232313?
-2320233233021
In base 4, what is 203322333 + 1020?
203330013
In base 11, what is -5761 + a6?
-5666
In base 11, what is 1 + -75a374?
-75a373
In base 13, what is -a - -1599a9?
15999c
In base 6, what is -124 - 11500414?
-11500542
In base 12, what is 7 - 67b224?
-67b219
In base 12, what is -1524 + -147a?
-29a2
In base 13, what is -87 + -5b2497?
-5b2551
In base 5, what is -11031314 - 14112?
-11100431
In base 11, what is 339 + -56773?
-56435
In base 16, what is -323f0 + db?
-32315
In base 13, what is 4535 - -7171?
b6a6
In base 5, what is 124432200442 - 2?
124432200440
In base 13, what is -3 + -2ca78c9?
-2ca78cc
In base 2, what is 1011111011 - 10111011011101?
-10101111100010
In base 13, what is -40b53b9 + -1?
-40b53ba
In base 11, what is a6595928 - -3?
a6595930
In base 10, what is 9726 + 1825?
11551
In base 7, what is -34013464 - 3?
-34013500
In base 10, what is -266021 - 421?
-266442
In base 15, what is -7c - e0d1?
-e15d
In base 6, what is 1201 - 11153134?
-11151533
In base 4, what is -30 + 2032310110?
2032310020
In base 15, what is 3ea53d + -1?
3ea53c
In base 13, what is 2 + -37c240c?
-37c240a
In base 9, what is 1158 + -368608?
-367440
In base 7, what is 166540 - -21?
166561
In base 15, what is 5529e8 + -5?
5529e3
In base 12, what is -10 - -7a52a2?
7a5292
In base 6, what is 53410413 - -51?
53410504
In base 12, what is 31845b9 - -4?
3184601
In base 13, what is 16b7 - 6340?
-4956
In base 8, what is 120572647 + 7?
120572656
In base 10, what is -147 - 83566?
-83713
In base 13, what is -99065cb + -4?
-9906602
In base 10, what is 8 - 274630?
-274622
In base 15, what is -d - -35d525?
35d517
In base 15, what is d40581 + -3?
d4057d
In base 7, what is -12113514 + -6200?
-12123014
In base 3, what is 10 - -212120200212220?
212120200220000
In base 10, what is 0 - 11774778?
-11774778
In base 12, what is -9358 - -2393?
-6b85
In base 11, what is 17a + 16797?
16966
In base 11, what is -2833a + -175?
-28504
In base 9, what is 72 + 376336?
376418
In base 14, what is 2 + 5c6193?
5c6195
In base 16, what is 16 - -4125?
413b
In base 14, what is -12c47 + -4?
-12c4b
In base 4, what is 2 + 101000201331?
101000201333
In base 3, what is -1020002012212 - -1110?
-1020002011102
In base 13, what is -370 - -2c70?
2900
In base 7, what is 6023 - 1423503?
-1414450
In base 13, what is 14605c57 - -4?
14605c5b
In base 7, what is -221104 + -41?
-221145
In base 2, what is 111001011010110 - -10101000?
11100